what is 0 + -1111100111000111?
-1111100111000111
In base 7, what is -664 - -21?
-643
In base 2, what is -11000 - -100011001?
100000001
In base 11, what is -20 + 7aa?
78a
In base 14, what is -5c2 + 1b?
-5a5
In base 4, what is 100123 + 11101?
111230
In base 14, what is bc54 - 0?
bc54
In base 4, what is -123003031 + 2?
-123003023
In base 10, what is 122445 - -3?
122448
In base 2, what is -11011001101 - 1010?
-11011010111
In base 16, what is 1635df - -4?
1635e3
In base 3, what is -222120 + -101110?
-1101000
In base 11, what is 212 + -9a?
123
In base 4, what is -2320312 - 202?
-2321120
In base 11, what is -5 - -2a4697?
2a4692
In base 3, what is 102221012 - 10002?
102211010
In base 5, what is -2 - 34014332?
-34014334
In base 6, what is -34425 - -31?
-34354
In base 9, what is 27 + -84?
-56
In base 15, what is 182 + -164?
1d
In base 5, what is 403 - 13443?
-13040
In base 14, what is d37 - -a78?
19b1
In base 16, what is -10 - 3f9e?
-3fae
In base 16, what is 1d - 1ecf?
-1eb2
In base 14, what is -1017 + 8?
-100d
In base 7, what is 25242 + 0?
25242
In base 4, what is -23000123 + -2001?
-23002130
In base 15, what is 979e - -4?
97a3
In base 7, what is 301 - 652?
-351
In base 13, what is -1 + 585b?
585a
In base 8, what is 3 + -1563052?
-1563047
In base 2, what is 11011 - 101010111001100?
-101010110110001
In base 13, what is 13a88 + -a?
13a7b
In base 8, what is 1656 + 43?
1721
In base 14, what is 4 - -2b79?
2b7d
In base 14, what is -8c3 + -d3?
-9b6
In base 4, what is -30211 - 13?
-30230
In base 12, what is 15413 - 3?
15410
In base 2, what is -11000011 - 110101000001001?
-110101011001100
In base 12, what is -3 - -1aa78?
1aa75
In base 5, what is 2 + 112310401?
112310403
In base 14, what is 10 + 3a5b3?
3a5c3
In base 13, what is -3563 - 3?
-3566
In base 7, what is -2543621 + 1?
-2543620
In base 10, what is -265 - 32?
-297
In base 15, what is 1e + -1112?
-10e3
In base 14, what is -291 + 1c6?
-a9
In base 12, what is 16 - b006?
-abb0
In base 11, what is -35071a - 0?
-35071a
In base 8, what is 4427 - 344?
4063
In base 3, what is 211202212112 - 101?
211202212011
In base 11, what is 138 - -474a?
4887
In base 6, what is 40300504 - 5?
40300455
In base 10, what is 35 - 1360?
-1325
In base 3, what is -21011 - -1020101?
222020
In base 12, what is -68b5 - -1?
-68b4
In base 3, what is -2201 - 10000?
-12201
In base 12, what is 85256 - 1?
85255
In base 15, what is 5 - bb62?
-bb5c
In base 11, what is -129a - 161?
-1450
In base 8, what is 10 - -3325667?
3325677
In base 11, what is 748a33 - 4?
748a2a
In base 4, what is 22 - 121120101?
-121120013
In base 15, what is -3a5 - -72d?
378
In base 16, what is -b268 - -6?
-b262
In base 6, what is 320 + 25010?
25330
In base 16, what is -4daf + -18e?
-4f3d
In base 3, what is -200001 - 20212220?
-21112221
In base 3, what is 1 + -120222010?
-120222002
In base 9, what is 608635 - -3?
608638
In base 8, what is -13123 + -31?
-13154
In base 7, what is -51156 + 3?
-51153
In base 12, what is 2ba0bb2 + -3?
2ba0bab
In base 12, what is -1b3 + 46?
-169
In base 14, what is -165d + -69?
-16c8
In base 13, what is -778 - -2c9?
-47c
In base 8, what is -10 - 2246?
-2256
In base 7, what is 206 + 452?
661
In base 10, what is 750 + 299?
1049
In base 16, what is 3 + -53ba?
-53b7
In base 3, what is 10002220212 - -11?
10002221000
In base 15, what is 1 + 5b20?
5b21
In base 15, what is -3e98 + 3?
-3e95
In base 6, what is 10352 + 5024?
15420
In base 5, what is -101343 - -3?
-101340
In base 8, what is 672 + 1423?
2315
In base 9, what is 373376 + 0?
373376
In base 11, what is 166 - -29?
194
In base 11, what is 474880 - -1?
474881
In base 14, what is db96 - 3?
db93
In base 14, what is -2 - -11a113?
11a111
In base 15, what is 2e + -1eaad?
-1ea7e
In base 12, what is 0 - -484a8?
484a8
In base 10, what is -102 + 1125?
1023
In base 4, what is 0 - -112210?
112210
In base 13, what is -5 + -16762?
-16767
In base 9, what is -32507 - 1?
-32508
In base 12, what is 4 - 5632?
-562a
In base 16, what is 114766 + -1?
114765
In base 5, what is 102444132 + 0?
102444132
In base 10, what is 106 - 580?
-474
In base 9, what is -1518 + 554?
-854
In base 13, what is -98 + 24?
-74
In base 6, what is -314330 - 15?
-314345
In base 6, what is 30132250 + -3?
30132243
In base 2, what is 1010100011000011 - 100?
1010100010111111
In base 16, what is 5 + b1d?
b22
In base 7, what is 43125 + 0?
43125
In base 2, what is 1101 - -10111110111?
11000000100
In base 7, what is 3 - 462661?
-462655
In base 9, what is 4 + 2652?
2656
In base 6, what is -400 - -1200?
400
In base 5, what is -132311 + -321?
-133132
In base 3, what is 10 - -221221022?
221221102
In base 13, what is a5 - -485?
55a
In base 5, what is -12340 - 204341?
-222231
In base 8, what is 1107 - -767?
2076
In base 3, what is -201010 + 1021?
-122212
In base 3, what is -120120102 + 1001?
-120112101
In base 9, what is 123 + -1436?
-1313
In base 3, what is -110 + 2212022000?
2212021120
In base 10, what is 2 + -439312?
-439310
In base 15, what is 0 + -446c?
-446c
In base 8, what is -1350366 - 21?
-1350407
In base 3, what is -10022211 + -21?
-10100002
In base 14, what is 270cc - -3?
270d1
In base 4, what is -202001 + 122?
-201213
In base 15, what is 5 - 2978?
-2973
In base 5, what is -1221 + -101?
-1322
In base 4, what is 1002111321 - 11?
1002111310
In base 6, what is 3220 + -3432?
-212
In base 5, what is 1401 + 3042?
4443
In base 16, what is 5 + -147b?
-1476
In base 5, what is -24 - 440110?
-440134
In base 4, what is -110 - 113302?
-120012
In base 3, what is 10020 + 1101210201?
1101220221
In base 8, what is 1626 + 23?
1651
In base 14, what is a + -2cdb?
-2cd1
In base 15, what is -7d2c8 - 3?
-7d2cb
In base 15, what is 958d + -3?
958a
In base 16, what is -5 + -588b?
-5890
In base 6, what is 1311451 - -2?
1311453
In base 14, what is 35b - -17?
374
In base 6, what is -4 + 331350?
331342
In base 16, what is 3cf945 + 5?
3cf94a
In base 9, what is 20674352 + -3?
20674348
In base 16, what is -2d + 117?
ea
In base 6, what is -3452233 + 1?
-3452232
In base 5, what is -1340410 + 13?
-1340342
In base 14, what is 38b9 + -16a?
374d
In base 4, what is 3331300 + 3132?
10001032
In base 14, what is 3 - 538c?
-5389
In base 9, what is -301048 - 5?
-301054
In base 6, what is -2 - -405442?
405440
In base 13, what is -2 - 5223?
-5225
In base 12, what is 48584 - -3?
48587
In base 16, what is -1e - 2938?
-2956
In base 6, what is 211 + 121?
332
In base 2, what is -11010110101 - -1000011100?
-10010011001
In base 16, what is 497 - -133?
5ca
In base 16, what is -824 + 36?
-7ee
In base 16, what is -5 - -53a4?
539f
In base 10, what is 5 + -136367?
-136362
In base 12, what is -440b + 1?
-440a
In base 11, what is -5 - -861a?
8615
In base 14, what is -1972 + -4?
-1976
In base 13, what is 14505 - -26?
1452b
In base 8, what is -5164 - -350?
-4614
In base 15, what is 910 - -65?
975
In base 15, what is 2865 - 22?
2843
In base 2, what is 100011 - 100010000001?
-100001011110
In base 15, what is -4d22 - -4c?
-4cc5
In base 15, what is 31 + -1859?
-1828
In base 4, what is 1132232 - -1?
1132233
In base 16, what is 4 - -dace?
dad2
In base 13, what is 8b8 + 549?
1134
In base 6, what is -1 + 2405213?
2405212
In base 16, what is -16588 - -11?
-16577
In base 6, what is -102353430 - -1?
-102353425
In base 2, what is -10010011111001 - 110?
-10010011111111
In base 10, what is -601 - -5?
-596
In base 6, what is 5 - 12215021?
-12215012
In base 2, what is 11 - 11010000110100110?
-11010000110100011
In base 14, what is 3393d + -4?
33939
In base 6, what is 41 + 52031?
52112
In base 8, what is 20501 + -7?
20472
In base 14, what is 2 + -c09a?
-c098
In base 10, what is -764 - -269?
-495
In base 8, what is 1 + -1630033?
-1630032
In base 15, what is -81 - 51e?
-5a0
In base 12, what is -205 - -a5?
-120
In base 4, what is 1013210231 - -13?
1013210310
In base 11, what is -12 - -3?
-a
In base 2, what is 111101110010010 - -1?
111101110010011
In base 14, what is -4 + -209?
-20d
In base 7, what is -3361 - 62?
-3453
In base 12, what is -28b - baa?
-1279
In base 14, what is 48 + 950a?
9554
In base 3, what is 1002201 + 110212?
1120120
In base 5, what is -33143 - 10323?
-44021
In base 4, what is 32023 + 33?
32122
In base 3, what is 120021 - 2100122?
-1210101
In base 4, what is 131101322 + 2?
131101330
In base 14, what is -12d